{"id":3,"date":"2025-02-25T16:13:19","date_gmt":"2025-02-25T15:13:19","guid":{"rendered":"https:\/\/auroremathilda.fr\/?page_id=3"},"modified":"2025-04-29T16:18:20","modified_gmt":"2025-04-29T14:18:20","slug":"politique-de-confidentialite","status":"publish","type":"page","link":"https:\/\/auroremathilda.fr\/?page_id=3","title":{"rendered":"Politique de confidentialit\u00e9"},"content":{"rendered":"\n<p class=\"has-text-align-center\"><em>Cette politique de confidentialit\u00e9 a pour but d&rsquo;informer les utilisateurs du site <strong>Auroremathilda.fr<\/strong> sur la mani\u00e8re dont leurs donn\u00e9es personnelles sont collect\u00e9es, trait\u00e9es et prot\u00e9g\u00e9es.<\/em><\/p>\n\n\n\n<p><strong>Collecte des donn\u00e9es personnelles<\/strong><\/p>\n\n\n\n<p>Le site collecte des informations personnelles via le formulaire de contact, telles que :<\/p>\n\n\n\n<ul class=\"wp-block-list\">\n<li>Nom et pr\u00e9nom<\/li>\n\n\n\n<li>Adresse e-mail<\/li>\n\n\n\n<li>Tout autre renseignement fourni volontairement par l&rsquo;utilisateur<\/li>\n<\/ul>\n\n\n\n<p>Ces donn\u00e9es sont uniquement destin\u00e9es \u00e0 r\u00e9pondre aux demandes de contact et ne sont pas revendues ni transmises \u00e0 des tiers.<\/p>\n\n\n\n<p><strong>Utilisation des donn\u00e9es<\/strong><\/p>\n\n\n\n<p>Les informations transmises via le formulaire de contact sont exclusivement utilis\u00e9es pour r\u00e9pondre aux demandes des utilisateurs. Elles ne seront en aucun cas utilis\u00e9es \u00e0 d&rsquo;autres fins, telles que des actions marketing ou publicitaires.<\/p>\n\n\n\n<p><strong>Conservation des donn\u00e9es<\/strong><\/p>\n\n\n\n<p>Les donn\u00e9es collect\u00e9es via le formulaire de contact sont conserv\u00e9es pendant une dur\u00e9e maximale de 12 mois, sauf obligation l\u00e9gale contraire.<\/p>\n\n\n\n<p><strong>Droits des utilisateurs<\/strong><\/p>\n\n\n\n<p>Conform\u00e9ment au RGPD, vous disposez des droits suivants sur vos donn\u00e9es personnelles :<\/p>\n\n\n\n<ul class=\"wp-block-list\">\n<li>Droit d&rsquo;acc\u00e8s, de rectification et de suppression<\/li>\n\n\n\n<li>Droit d&rsquo;opposition au traitement<\/li>\n\n\n\n<li>Droit \u00e0 la limitation du traitement<\/li>\n\n\n\n<li>Droit \u00e0 la portabilit\u00e9 des donn\u00e9es<\/li>\n<\/ul>\n\n\n\n<p>Pour exercer ces droits, vous pouvez contacter : <em>contact@auroremathilda.fr.<\/em><\/p>\n\n\n\n<p><strong>S\u00e9curit\u00e9 des donn\u00e9es<\/strong><\/p>\n\n\n\n<p>Nous mettons en place des mesures de s\u00e9curit\u00e9 appropri\u00e9es pour prot\u00e9ger vos informations personnelles contre tout acc\u00e8s non autoris\u00e9.<\/p>\n\n\n\n<div class=\"wp-block-buttons is-content-justification-center is-layout-flex wp-container-core-buttons-is-layout-a89b3969 wp-block-buttons-is-layout-flex\">\n<div class=\"wp-block-button is-style-outline is-style-outline--1\"><a class=\"wp-block-button__link has-ast-global-color-8-color has-text-color has-link-color wp-element-button\" href=\"https:\/\/auroremathilda.fr\/\" style=\"border-width:1px;border-radius:10px\">Retour Accueil<\/a><\/div>\n<\/div>\n","protected":false},"excerpt":{"rendered":"<p>Cette politique de confidentialit\u00e9 a pour but d&rsquo;informer les utilisateurs du site Auroremathilda.fr sur la mani\u00e8re dont leurs donn\u00e9es personnelles [&hellip;]<\/p>\n","protected":false},"author":1,"featured_media":0,"parent":0,"menu_order":0,"comment_status":"closed","ping_status":"open","template":"","meta":{"site-sidebar-layout":"default","site-content-layout":"","ast-site-content-layout":"","site-content-style":"default","site-sidebar-style":"default","ast-global-header-display":"","ast-banner-title-visibility":"","ast-main-header-display":"","ast-hfb-above-header-display":"","ast-hfb-below-header-display":"","ast-hfb-mobile-header-display":"","site-post-title":"","ast-breadcrumbs-content":"","ast-featured-img":"","footer-sml-layout":"","theme-transparent-header-meta":"","adv-header-id-meta":"","stick-header-meta":"","header-above-stick-meta":"","header-main-stick-meta":"","header-below-stick-meta":"","astra-migrate-meta-layouts":"default","ast-page-background-enabled":"default","ast-page-background-meta":{"desktop":{"background-color":"var(--ast-global-color-5)","background-image":"","background-repeat":"repeat","background-position":"center center","background-size":"auto","background-attachment":"scroll","background-type":"","background-media":"","overlay-type":"","overlay-color":"","overlay-opacity":"","overlay-gradient":""},"tablet":{"background-color":"","background-image":"","background-repeat":"repeat","background-position":"center center","background-size":"auto","background-attachment":"scroll","background-type":"","background-media":"","overlay-type":"","overlay-color":"","overlay-opacity":"","overlay-gradient":""},"mobile":{"background-color":"","background-image":"","background-repeat":"repeat","background-position":"center center","background-size":"auto","background-attachment":"scroll","background-type":"","background-media":"","overlay-type":"","overlay-color":"","overlay-opacity":"","overlay-gradient":""}},"ast-content-background-meta":{"desktop":{"background-color":"var(--ast-global-color-4)","background-image":"","background-repeat":"repeat","background-position":"center center","background-size":"auto","background-attachment":"scroll","background-type":"","background-media":"","overlay-type":"","overlay-color":"","overlay-opacity":"","overlay-gradient":""},"tablet":{"background-color":"var(--ast-global-color-4)","background-image":"","background-repeat":"repeat","background-position":"center center","background-size":"auto","background-attachment":"scroll","background-type":"","background-media":"","overlay-type":"","overlay-color":"","overlay-opacity":"","overlay-gradient":""},"mobile":{"background-color":"var(--ast-global-color-4)","background-image":"","background-repeat":"repeat","background-position":"center center","background-size":"auto","background-attachment":"scroll","background-type":"","background-media":"","overlay-type":"","overlay-color":"","overlay-opacity":"","overlay-gradient":""}},"footnotes":""},"class_list":["post-3","page","type-page","status-publish","hentry"],"yoast_head":"<!-- This site is optimized with the Yoast SEO plugin v26.8 - https:\/\/yoast.com\/product\/yoast-seo-wordpress\/ -->\n<title>Politique de confidentialit\u00e9 - AURORE MATHILDA<\/title>\n<meta name=\"description\" content=\"Consultez la politique de confidentialit\u00e9 de Auroremathilda.fr : protection des donn\u00e9es personnelles et conformit\u00e9 RGPD.\" \/>\n<meta name=\"robots\" content=\"index, follow, max-snippet:-1, max-image-preview:large, max-video-preview:-1\" \/>\n<link rel=\"canonical\" href=\"https:\/\/auroremathilda.fr\/?page_id=3\" \/>\n<meta property=\"og:locale\" content=\"fr_FR\" \/>\n<meta property=\"og:type\" content=\"article\" \/>\n<meta property=\"og:title\" content=\"Politique de confidentialit\u00e9 - AURORE MATHILDA\" \/>\n<meta property=\"og:description\" content=\"Consultez la politique de confidentialit\u00e9 de Auroremathilda.fr : protection des donn\u00e9es personnelles et conformit\u00e9 RGPD.\" \/>\n<meta property=\"og:url\" content=\"https:\/\/auroremathilda.fr\/?page_id=3\" \/>\n<meta property=\"og:site_name\" content=\"AURORE MATHILDA\" \/>\n<meta property=\"article:modified_time\" content=\"2025-04-29T14:18:20+00:00\" \/>\n<meta name=\"twitter:card\" content=\"summary_large_image\" \/>\n<meta name=\"twitter:label1\" content=\"Dur\u00e9e de lecture estim\u00e9e\" \/>\n\t<meta name=\"twitter:data1\" content=\"2 minutes\" \/>\n<script type=\"application\/ld+json\" class=\"yoast-schema-graph\">{\"@context\":\"https:\/\/schema.org\",\"@graph\":[{\"@type\":\"WebPage\",\"@id\":\"https:\/\/auroremathilda.fr\/?page_id=3\",\"url\":\"https:\/\/auroremathilda.fr\/?page_id=3\",\"name\":\"Politique de confidentialit\u00e9 - AURORE MATHILDA\",\"isPartOf\":{\"@id\":\"https:\/\/auroremathilda.fr\/#website\"},\"datePublished\":\"2025-02-25T15:13:19+00:00\",\"dateModified\":\"2025-04-29T14:18:20+00:00\",\"description\":\"Consultez la politique de confidentialit\u00e9 de Auroremathilda.fr : protection des donn\u00e9es personnelles et conformit\u00e9 RGPD.\",\"breadcrumb\":{\"@id\":\"https:\/\/auroremathilda.fr\/?page_id=3#breadcrumb\"},\"inLanguage\":\"fr-FR\",\"potentialAction\":[{\"@type\":\"ReadAction\",\"target\":[\"https:\/\/auroremathilda.fr\/?page_id=3\"]}]},{\"@type\":\"BreadcrumbList\",\"@id\":\"https:\/\/auroremathilda.fr\/?page_id=3#breadcrumb\",\"itemListElement\":[{\"@type\":\"ListItem\",\"position\":1,\"name\":\"Accueil\",\"item\":\"https:\/\/auroremathilda.fr\/\"},{\"@type\":\"ListItem\",\"position\":2,\"name\":\"Politique de confidentialit\u00e9\"}]},{\"@type\":\"WebSite\",\"@id\":\"https:\/\/auroremathilda.fr\/#website\",\"url\":\"https:\/\/auroremathilda.fr\/\",\"name\":\"AURORE MATHILDA\",\"description\":\"L&#039;art au service de la Conscience\",\"publisher\":{\"@id\":\"https:\/\/auroremathilda.fr\/#organization\"},\"potentialAction\":[{\"@type\":\"SearchAction\",\"target\":{\"@type\":\"EntryPoint\",\"urlTemplate\":\"https:\/\/auroremathilda.fr\/?s={search_term_string}\"},\"query-input\":{\"@type\":\"PropertyValueSpecification\",\"valueRequired\":true,\"valueName\":\"search_term_string\"}}],\"inLanguage\":\"fr-FR\"},{\"@type\":\"Organization\",\"@id\":\"https:\/\/auroremathilda.fr\/#organization\",\"name\":\"AURORE MATHILDA\",\"url\":\"https:\/\/auroremathilda.fr\/\",\"logo\":{\"@type\":\"ImageObject\",\"inLanguage\":\"fr-FR\",\"@id\":\"https:\/\/auroremathilda.fr\/#\/schema\/logo\/image\/\",\"url\":\"https:\/\/auroremathilda.fr\/wp-content\/uploads\/2025\/02\/logFichier-8.png\",\"contentUrl\":\"https:\/\/auroremathilda.fr\/wp-content\/uploads\/2025\/02\/logFichier-8.png\",\"width\":270,\"height\":465,\"caption\":\"AURORE MATHILDA\"},\"image\":{\"@id\":\"https:\/\/auroremathilda.fr\/#\/schema\/logo\/image\/\"}}]}<\/script>\n<!-- \/ Yoast SEO plugin. -->","yoast_head_json":{"title":"Politique de confidentialit\u00e9 - AURORE MATHILDA","description":"Consultez la politique de confidentialit\u00e9 de Auroremathilda.fr : protection des donn\u00e9es personnelles et conformit\u00e9 RGPD.","robots":{"index":"index","follow":"follow","max-snippet":"max-snippet:-1","max-image-preview":"max-image-preview:large","max-video-preview":"max-video-preview:-1"},"canonical":"https:\/\/auroremathilda.fr\/?page_id=3","og_locale":"fr_FR","og_type":"article","og_title":"Politique de confidentialit\u00e9 - AURORE MATHILDA","og_description":"Consultez la politique de confidentialit\u00e9 de Auroremathilda.fr : protection des donn\u00e9es personnelles et conformit\u00e9 RGPD.","og_url":"https:\/\/auroremathilda.fr\/?page_id=3","og_site_name":"AURORE MATHILDA","article_modified_time":"2025-04-29T14:18:20+00:00","twitter_card":"summary_large_image","twitter_misc":{"Dur\u00e9e de lecture estim\u00e9e":"2 minutes"},"schema":{"@context":"https:\/\/schema.org","@graph":[{"@type":"WebPage","@id":"https:\/\/auroremathilda.fr\/?page_id=3","url":"https:\/\/auroremathilda.fr\/?page_id=3","name":"Politique de confidentialit\u00e9 - AURORE MATHILDA","isPartOf":{"@id":"https:\/\/auroremathilda.fr\/#website"},"datePublished":"2025-02-25T15:13:19+00:00","dateModified":"2025-04-29T14:18:20+00:00","description":"Consultez la politique de confidentialit\u00e9 de Auroremathilda.fr : protection des donn\u00e9es personnelles et conformit\u00e9 RGPD.","breadcrumb":{"@id":"https:\/\/auroremathilda.fr\/?page_id=3#breadcrumb"},"inLanguage":"fr-FR","potentialAction":[{"@type":"ReadAction","target":["https:\/\/auroremathilda.fr\/?page_id=3"]}]},{"@type":"BreadcrumbList","@id":"https:\/\/auroremathilda.fr\/?page_id=3#breadcrumb","itemListElement":[{"@type":"ListItem","position":1,"name":"Accueil","item":"https:\/\/auroremathilda.fr\/"},{"@type":"ListItem","position":2,"name":"Politique de confidentialit\u00e9"}]},{"@type":"WebSite","@id":"https:\/\/auroremathilda.fr\/#website","url":"https:\/\/auroremathilda.fr\/","name":"AURORE MATHILDA","description":"L&#039;art au service de la Conscience","publisher":{"@id":"https:\/\/auroremathilda.fr\/#organization"},"potentialAction":[{"@type":"SearchAction","target":{"@type":"EntryPoint","urlTemplate":"https:\/\/auroremathilda.fr\/?s={search_term_string}"},"query-input":{"@type":"PropertyValueSpecification","valueRequired":true,"valueName":"search_term_string"}}],"inLanguage":"fr-FR"},{"@type":"Organization","@id":"https:\/\/auroremathilda.fr\/#organization","name":"AURORE MATHILDA","url":"https:\/\/auroremathilda.fr\/","logo":{"@type":"ImageObject","inLanguage":"fr-FR","@id":"https:\/\/auroremathilda.fr\/#\/schema\/logo\/image\/","url":"https:\/\/auroremathilda.fr\/wp-content\/uploads\/2025\/02\/logFichier-8.png","contentUrl":"https:\/\/auroremathilda.fr\/wp-content\/uploads\/2025\/02\/logFichier-8.png","width":270,"height":465,"caption":"AURORE MATHILDA"},"image":{"@id":"https:\/\/auroremathilda.fr\/#\/schema\/logo\/image\/"}}]}},"_links":{"self":[{"href":"https:\/\/auroremathilda.fr\/index.php?rest_route=\/wp\/v2\/pages\/3","targetHints":{"allow":["GET"]}}],"collection":[{"href":"https:\/\/auroremathilda.fr\/index.php?rest_route=\/wp\/v2\/pages"}],"about":[{"href":"https:\/\/auroremathilda.fr\/index.php?rest_route=\/wp\/v2\/types\/page"}],"author":[{"embeddable":true,"href":"https:\/\/auroremathilda.fr\/index.php?rest_route=\/wp\/v2\/users\/1"}],"replies":[{"embeddable":true,"href":"https:\/\/auroremathilda.fr\/index.php?rest_route=%2Fwp%2Fv2%2Fcomments&post=3"}],"version-history":[{"count":5,"href":"https:\/\/auroremathilda.fr\/index.php?rest_route=\/wp\/v2\/pages\/3\/revisions"}],"predecessor-version":[{"id":2752,"href":"https:\/\/auroremathilda.fr\/index.php?rest_route=\/wp\/v2\/pages\/3\/revisions\/2752"}],"wp:attachment":[{"href":"https:\/\/auroremathilda.fr\/index.php?rest_route=%2Fwp%2Fv2%2Fmedia&parent=3"}],"curies":[{"name":"wp","href":"https:\/\/api.w.org\/{rel}","templated":true}]}}