{"id":54,"date":"2025-02-27T12:10:19","date_gmt":"2025-02-27T11:10:19","guid":{"rendered":"https:\/\/auroremathilda.fr\/?page_id=54"},"modified":"2025-04-29T16:16:58","modified_gmt":"2025-04-29T14:16:58","slug":"cookies","status":"publish","type":"page","link":"https:\/\/auroremathilda.fr\/?page_id=54","title":{"rendered":"Cookies"},"content":{"rendered":"\n<p class=\"has-text-align-center\"><em>Le site <strong>auroremathilda.fr <\/strong>utilise peu ou pas de cookies. Toutefois, certains cookies fonctionnels peuvent \u00eatre n\u00e9cessaires pour l&rsquo;affichage du site.<\/em><\/p>\n\n\n\n<p><strong>Qu&rsquo;est-ce qu&rsquo;un cookie ?<\/strong><\/p>\n\n\n\n<p>Un cookie est un petit fichier stock\u00e9 sur votre navigateur lorsque vous consultez un site web. Il permet de collecter des informations relatives \u00e0 votre navigation.<\/p>\n\n\n\n<p><strong>Cookies utilis\u00e9s sur ce site<\/strong><\/p>\n\n\n\n<ul class=\"wp-block-list\">\n<li>Cookies strictement n\u00e9cessaires : ils assurent le bon fonctionnement du site.<\/li>\n<\/ul>\n\n\n\n<p><strong>Aucune donn\u00e9e personnelle n&rsquo;est exploit\u00e9e \u00e0 des fins commerciales ou publicitaires<\/strong>.<\/p>\n\n\n\n<p><strong>Gestion des cookies<\/strong><\/p>\n\n\n\n<p>Vous pouvez param\u00e9trer votre navigateur pour refuser ou supprimer les cookies.<\/p>\n\n\n\n<p><strong>D\u00e9sactivation des cookies tiers<\/strong><\/p>\n\n\n\n<p>Si le site venait \u00e0 utiliser des cookies tiers (ex : analyse d\u2019audience, vid\u00e9os int\u00e9gr\u00e9es, r\u00e9seaux sociaux), vous serez inform\u00e9 et aurez la possibilit\u00e9 de les accepter ou les refuser via un bandeau de consentement.<\/p>\n\n\n\n<p>Vous pouvez \u00e9galement configurer votre navigateur pour bloquer ces cookies<\/p>\n\n\n\n<ul class=\"wp-block-list\">\n<li><strong>Google Chrome<\/strong> : Param\u00e8tres &gt; Confidentialit\u00e9 et s\u00e9curit\u00e9 &gt; Cookies et autres donn\u00e9es de site.<\/li>\n\n\n\n<li><strong>Mozilla Firefox<\/strong> : Options &gt; Vie priv\u00e9e et s\u00e9curit\u00e9 &gt; Cookies et donn\u00e9es de sites.<\/li>\n\n\n\n<li><strong>Safari<\/strong> : Pr\u00e9f\u00e9rences &gt; Confidentialit\u00e9 &gt; G\u00e9rer les cookies et donn\u00e9es de site.<\/li>\n\n\n\n<li><strong>Edge<\/strong> : Param\u00e8tres &gt; Cookies et autorisations de site.<\/li>\n<\/ul>\n\n\n\n<p>Pour plus d&rsquo;informations, contactez : <em>contact@auroremathilda.fr<\/em>.<\/p>\n\n\n\n<div class=\"wp-block-buttons is-content-justification-center is-layout-flex wp-container-core-buttons-is-layout-a89b3969 wp-block-buttons-is-layout-flex\">\n<div class=\"wp-block-button is-style-outline is-style-outline--1\"><a class=\"wp-block-button__link has-ast-global-color-8-color has-ast-global-color-4-background-color has-text-color has-background has-link-color wp-element-button\" href=\"https:\/\/auroremathilda.fr\/\" style=\"border-width:1px;border-radius:7px\">Retour Accueil<\/a><\/div>\n<\/div>\n\n\n\n<p><\/p>\n","protected":false},"excerpt":{"rendered":"<p>Le site auroremathilda.fr utilise peu ou pas de cookies. Toutefois, certains cookies fonctionnels peuvent \u00eatre n\u00e9cessaires pour l&rsquo;affichage du site. [&hellip;]<\/p>\n","protected":false},"author":1,"featured_media":0,"parent":0,"menu_order":0,"comment_status":"closed","ping_status":"closed","template":"","meta":{"site-sidebar-layout":"default","site-content-layout":"","ast-site-content-layout":"","site-content-style":"default","site-sidebar-style":"default","ast-global-header-display":"","ast-banner-title-visibility":"","ast-main-header-display":"","ast-hfb-above-header-display":"","ast-hfb-below-header-display":"","ast-hfb-mobile-header-display":"","site-post-title":"","ast-breadcrumbs-content":"","ast-featured-img":"","footer-sml-layout":"","theme-transparent-header-meta":"","adv-header-id-meta":"","stick-header-meta":"","header-above-stick-meta":"","header-main-stick-meta":"","header-below-stick-meta":"","astra-migrate-meta-layouts":"default","ast-page-background-enabled":"default","ast-page-background-meta":{"desktop":{"background-color":"var(--ast-global-color-5)","background-image":"","background-repeat":"repeat","background-position":"center center","background-size":"auto","background-attachment":"scroll","background-type":"","background-media":"","overlay-type":"","overlay-color":"","overlay-opacity":"","overlay-gradient":""},"tablet":{"background-color":"","background-image":"","background-repeat":"repeat","background-position":"center center","background-size":"auto","background-attachment":"scroll","background-type":"","background-media":"","overlay-type":"","overlay-color":"","overlay-opacity":"","overlay-gradient":""},"mobile":{"background-color":"","background-image":"","background-repeat":"repeat","background-position":"center center","background-size":"auto","background-attachment":"scroll","background-type":"","background-media":"","overlay-type":"","overlay-color":"","overlay-opacity":"","overlay-gradient":""}},"ast-content-background-meta":{"desktop":{"background-color":"var(--ast-global-color-4)","background-image":"","background-repeat":"repeat","background-position":"center center","background-size":"auto","background-attachment":"scroll","background-type":"","background-media":"","overlay-type":"","overlay-color":"","overlay-opacity":"","overlay-gradient":""},"tablet":{"background-color":"var(--ast-global-color-4)","background-image":"","background-repeat":"repeat","background-position":"center center","background-size":"auto","background-attachment":"scroll","background-type":"","background-media":"","overlay-type":"","overlay-color":"","overlay-opacity":"","overlay-gradient":""},"mobile":{"background-color":"var(--ast-global-color-4)","background-image":"","background-repeat":"repeat","background-position":"center center","background-size":"auto","background-attachment":"scroll","background-type":"","background-media":"","overlay-type":"","overlay-color":"","overlay-opacity":"","overlay-gradient":""}},"footnotes":""},"class_list":["post-54","page","type-page","status-publish","hentry"],"yoast_head":"<!-- This site is optimized with the Yoast SEO plugin v26.8 - https:\/\/yoast.com\/product\/yoast-seo-wordpress\/ -->\n<title>Cookies - AURORE MATHILDA<\/title>\n<meta name=\"description\" content=\"D\u00e9couvrez comment Aurore Mathilda utilise les cookies pour assurer le bon fonctionnement du site et prot\u00e9ger votre confidentialit\u00e9.\" \/>\n<meta name=\"robots\" content=\"index, follow, max-snippet:-1, max-image-preview:large, max-video-preview:-1\" \/>\n<link rel=\"canonical\" href=\"https:\/\/auroremathilda.fr\/?page_id=54\" \/>\n<meta property=\"og:locale\" content=\"fr_FR\" \/>\n<meta property=\"og:type\" content=\"article\" \/>\n<meta property=\"og:title\" content=\"Cookies - AURORE MATHILDA\" \/>\n<meta property=\"og:description\" content=\"D\u00e9couvrez comment Aurore Mathilda utilise les cookies pour assurer le bon fonctionnement du site et prot\u00e9ger votre confidentialit\u00e9.\" \/>\n<meta property=\"og:url\" content=\"https:\/\/auroremathilda.fr\/?page_id=54\" \/>\n<meta property=\"og:site_name\" content=\"AURORE MATHILDA\" \/>\n<meta property=\"article:modified_time\" content=\"2025-04-29T14:16:58+00:00\" \/>\n<meta name=\"twitter:card\" content=\"summary_large_image\" \/>\n<meta name=\"twitter:label1\" content=\"Dur\u00e9e de lecture estim\u00e9e\" \/>\n\t<meta name=\"twitter:data1\" content=\"1 minute\" \/>\n<script type=\"application\/ld+json\" class=\"yoast-schema-graph\">{\"@context\":\"https:\/\/schema.org\",\"@graph\":[{\"@type\":\"WebPage\",\"@id\":\"https:\/\/auroremathilda.fr\/?page_id=54\",\"url\":\"https:\/\/auroremathilda.fr\/?page_id=54\",\"name\":\"Cookies - AURORE MATHILDA\",\"isPartOf\":{\"@id\":\"https:\/\/auroremathilda.fr\/#website\"},\"datePublished\":\"2025-02-27T11:10:19+00:00\",\"dateModified\":\"2025-04-29T14:16:58+00:00\",\"description\":\"D\u00e9couvrez comment Aurore Mathilda utilise les cookies pour assurer le bon fonctionnement du site et prot\u00e9ger votre confidentialit\u00e9.\",\"breadcrumb\":{\"@id\":\"https:\/\/auroremathilda.fr\/?page_id=54#breadcrumb\"},\"inLanguage\":\"fr-FR\",\"potentialAction\":[{\"@type\":\"ReadAction\",\"target\":[\"https:\/\/auroremathilda.fr\/?page_id=54\"]}]},{\"@type\":\"BreadcrumbList\",\"@id\":\"https:\/\/auroremathilda.fr\/?page_id=54#breadcrumb\",\"itemListElement\":[{\"@type\":\"ListItem\",\"position\":1,\"name\":\"Accueil\",\"item\":\"https:\/\/auroremathilda.fr\/\"},{\"@type\":\"ListItem\",\"position\":2,\"name\":\"Cookies\"}]},{\"@type\":\"WebSite\",\"@id\":\"https:\/\/auroremathilda.fr\/#website\",\"url\":\"https:\/\/auroremathilda.fr\/\",\"name\":\"AURORE MATHILDA\",\"description\":\"L&#039;art au service de la Conscience\",\"publisher\":{\"@id\":\"https:\/\/auroremathilda.fr\/#organization\"},\"potentialAction\":[{\"@type\":\"SearchAction\",\"target\":{\"@type\":\"EntryPoint\",\"urlTemplate\":\"https:\/\/auroremathilda.fr\/?s={search_term_string}\"},\"query-input\":{\"@type\":\"PropertyValueSpecification\",\"valueRequired\":true,\"valueName\":\"search_term_string\"}}],\"inLanguage\":\"fr-FR\"},{\"@type\":\"Organization\",\"@id\":\"https:\/\/auroremathilda.fr\/#organization\",\"name\":\"AURORE MATHILDA\",\"url\":\"https:\/\/auroremathilda.fr\/\",\"logo\":{\"@type\":\"ImageObject\",\"inLanguage\":\"fr-FR\",\"@id\":\"https:\/\/auroremathilda.fr\/#\/schema\/logo\/image\/\",\"url\":\"https:\/\/auroremathilda.fr\/wp-content\/uploads\/2025\/02\/logFichier-8.png\",\"contentUrl\":\"https:\/\/auroremathilda.fr\/wp-content\/uploads\/2025\/02\/logFichier-8.png\",\"width\":270,\"height\":465,\"caption\":\"AURORE MATHILDA\"},\"image\":{\"@id\":\"https:\/\/auroremathilda.fr\/#\/schema\/logo\/image\/\"}}]}<\/script>\n<!-- \/ Yoast SEO plugin. -->","yoast_head_json":{"title":"Cookies - AURORE MATHILDA","description":"D\u00e9couvrez comment Aurore Mathilda utilise les cookies pour assurer le bon fonctionnement du site et prot\u00e9ger votre confidentialit\u00e9.","robots":{"index":"index","follow":"follow","max-snippet":"max-snippet:-1","max-image-preview":"max-image-preview:large","max-video-preview":"max-video-preview:-1"},"canonical":"https:\/\/auroremathilda.fr\/?page_id=54","og_locale":"fr_FR","og_type":"article","og_title":"Cookies - AURORE MATHILDA","og_description":"D\u00e9couvrez comment Aurore Mathilda utilise les cookies pour assurer le bon fonctionnement du site et prot\u00e9ger votre confidentialit\u00e9.","og_url":"https:\/\/auroremathilda.fr\/?page_id=54","og_site_name":"AURORE MATHILDA","article_modified_time":"2025-04-29T14:16:58+00:00","twitter_card":"summary_large_image","twitter_misc":{"Dur\u00e9e de lecture estim\u00e9e":"1 minute"},"schema":{"@context":"https:\/\/schema.org","@graph":[{"@type":"WebPage","@id":"https:\/\/auroremathilda.fr\/?page_id=54","url":"https:\/\/auroremathilda.fr\/?page_id=54","name":"Cookies - AURORE MATHILDA","isPartOf":{"@id":"https:\/\/auroremathilda.fr\/#website"},"datePublished":"2025-02-27T11:10:19+00:00","dateModified":"2025-04-29T14:16:58+00:00","description":"D\u00e9couvrez comment Aurore Mathilda utilise les cookies pour assurer le bon fonctionnement du site et prot\u00e9ger votre confidentialit\u00e9.","breadcrumb":{"@id":"https:\/\/auroremathilda.fr\/?page_id=54#breadcrumb"},"inLanguage":"fr-FR","potentialAction":[{"@type":"ReadAction","target":["https:\/\/auroremathilda.fr\/?page_id=54"]}]},{"@type":"BreadcrumbList","@id":"https:\/\/auroremathilda.fr\/?page_id=54#breadcrumb","itemListElement":[{"@type":"ListItem","position":1,"name":"Accueil","item":"https:\/\/auroremathilda.fr\/"},{"@type":"ListItem","position":2,"name":"Cookies"}]},{"@type":"WebSite","@id":"https:\/\/auroremathilda.fr\/#website","url":"https:\/\/auroremathilda.fr\/","name":"AURORE MATHILDA","description":"L&#039;art au service de la Conscience","publisher":{"@id":"https:\/\/auroremathilda.fr\/#organization"},"potentialAction":[{"@type":"SearchAction","target":{"@type":"EntryPoint","urlTemplate":"https:\/\/auroremathilda.fr\/?s={search_term_string}"},"query-input":{"@type":"PropertyValueSpecification","valueRequired":true,"valueName":"search_term_string"}}],"inLanguage":"fr-FR"},{"@type":"Organization","@id":"https:\/\/auroremathilda.fr\/#organization","name":"AURORE MATHILDA","url":"https:\/\/auroremathilda.fr\/","logo":{"@type":"ImageObject","inLanguage":"fr-FR","@id":"https:\/\/auroremathilda.fr\/#\/schema\/logo\/image\/","url":"https:\/\/auroremathilda.fr\/wp-content\/uploads\/2025\/02\/logFichier-8.png","contentUrl":"https:\/\/auroremathilda.fr\/wp-content\/uploads\/2025\/02\/logFichier-8.png","width":270,"height":465,"caption":"AURORE MATHILDA"},"image":{"@id":"https:\/\/auroremathilda.fr\/#\/schema\/logo\/image\/"}}]}},"_links":{"self":[{"href":"https:\/\/auroremathilda.fr\/index.php?rest_route=\/wp\/v2\/pages\/54","targetHints":{"allow":["GET"]}}],"collection":[{"href":"https:\/\/auroremathilda.fr\/index.php?rest_route=\/wp\/v2\/pages"}],"about":[{"href":"https:\/\/auroremathilda.fr\/index.php?rest_route=\/wp\/v2\/types\/page"}],"author":[{"embeddable":true,"href":"https:\/\/auroremathilda.fr\/index.php?rest_route=\/wp\/v2\/users\/1"}],"replies":[{"embeddable":true,"href":"https:\/\/auroremathilda.fr\/index.php?rest_route=%2Fwp%2Fv2%2Fcomments&post=54"}],"version-history":[{"count":3,"href":"https:\/\/auroremathilda.fr\/index.php?rest_route=\/wp\/v2\/pages\/54\/revisions"}],"predecessor-version":[{"id":2749,"href":"https:\/\/auroremathilda.fr\/index.php?rest_route=\/wp\/v2\/pages\/54\/revisions\/2749"}],"wp:attachment":[{"href":"https:\/\/auroremathilda.fr\/index.php?rest_route=%2Fwp%2Fv2%2Fmedia&parent=54"}],"curies":[{"name":"wp","href":"https:\/\/api.w.org\/{rel}","templated":true}]}}